+ 14. Is k a prime number?
False
Let v be 2/2*(-4)/(-2). Suppose v*r = 5*r - 147. Is r a prime number?
False
Suppose 0 = -4*k + k + 2*q, -k - q + 5 = 0. Suppose -k*a = -a - 119. Is a a composite number?
True
Suppose -8458 = -6*r - 1984. Is r a composite number?
True
Let g be (-2)/(-2)*5/(-5). Let v = g - -4. Suppose -152 = -k - v*k. Is k a prime number?
False
Suppose 4*w = 3*l - 24, -3*w - l = -6*w - 23. Let q = 19 + w. Is q a prime number?
False
Let o(n) = -2*n**3 - 4*n**2 + 14*n + 21. Is o(-10) prime?
True
Suppose -351 - 149 = -4*o. Let g = -38 + o. Is g a prime number?
False
Let v = -1232 + 1887. Suppose -3*l + 4*l - v = 0. Is l a prime number?
False
Suppose 5*y + 12 = k - 6, 2*k = -3*y - 16. Let n(r) be the second derivative of r**4/3 + 2*r**3/3 - r**2/2 - r. Is n(y) a prime number?
True
Is 6*3/6*137 a prime number?
False
Suppose z - 49 = 2. Suppose h - 3*b = 2, -b - 10 = -5*h - 3*b. Let i = h + z. Is i a composite number?
False
Let g be 8 + 4 + -2 + -3. Suppose k - g - 46 = 0. Is k a composite number?
False
Let f = 12 - 8. Suppose t - f*t + 9 = 0. Is ((-2)/t)/((-6)/117) prime?
True
Let n(i) = 4*i**3 + 9*i**2 + 3*i - 10. Let l(w) = -5*w**3 - 9*w**2 - 3*w + 9. Let r(c) = -3*l(c) - 4*n(c). Is r(-10) composite?
True
Suppose -2*v = -0*v + 4*i - 166, -i = 3*v - 274. Is v prime?
False
Let x be -2 + 8/(-12)*-219. Suppose -l = -19 - x. Is l a composite number?
False
Let k(q) = 7*q**3 - q**2 + 15*q - 4. Let m(b) = b**3 + b**2 + b. Let a(n) = k(n) - 6*m(n). Suppose 0 = -4*t + 4 + 20. Is a(t) prime?
False
Let w = -1 - 1. Let g be w - 0/1 - -7. Suppose 79 = -g*m + 264. Is m prime?
True
Suppose -3*p = 2*p - 20. Suppose p*n + 2*k = 12, -4 = -n + 4*k - 1. Is n composite?
False
Let d(j) = j**3 + j**2 - j - 6. Is d(5) a composite number?
False
Let h(j) = 128*j - 9. Is h(5) a prime number?
True
Suppose 5*b = k + 4563, -4*k + 2*k - 1822 = -2*b. Is b composite?
True
Suppose 0 = 2*r + r - 5*c - 69, -r + 23 = -2*c. Suppose -d - r = -80. Is d a composite number?
True
Let h(n) = n**3 + 11*n**2 + 8*n - 11. Is h(-9) composite?
False
Let j(v) = -v**3 - 9*v**2 - 7*v - 2. Let q be j(6). Let b = 1063 + q. Is b a prime number?
True
Suppose -5*y + 0*a = 4*a + 2829, -y = a + 565. Let m = -399 - y. Suppose -2*k + m = -0*k. Is k a composite number?
True
Suppose 0 = -4*j + 3*w + 682 + 1252, -3*w + 976 = 2*j. Suppose -5*z + 780 = -j. Suppose 0 = f - z + 38. Is f composite?
True
Let t = 6 - -7. Suppose -d + t = -35. Let x = 107 - d. Is x composite?
False
Let o(s) = s**3 + 5*s**2 + 2*s + 5. Suppose -3*z + 22 + 20 = 0. Suppose 3*k + z = 2. Is o(k) a composite number?
False
Let j(l) = l**3 - 6*l**2 + 2*l - 1. Suppose -2*q + 7 = -5. Is j(q) composite?
False
Is (4 - 28/8)*3662 composite?
False
Suppose 0 = -d + 10 + 6. Suppose -3*o + 5 = -d. Is o a composite number?
False
Let b(p) = p**3 + 3*p**2 - 2*p - 4. Let l be b(-3). Let i(s) = s**2 - 2*s. Let r be i(l). Suppose 2*g = 3*k - 184, r = -5*k + 4*g + g + 305. Is k composite?
True
Let q(f) = -f**3 - 6*f**2 - 6*f - 7. Let v be q(-5). Let n(a) = -4*a**2 - 3*a - 1. Let z be n(-2). Is 0*v/2 - z a prime number?
True
Is 663/26*1/(1/2) a composite number?
True
Let z(w) = w**3 - 13*w**2 - 1. Let a be z(13). Is (-2 + a/2)*-22 prime?
False
Let x(m) = 4*m**3 - 25*m**2 + 6*m - 25. Is x(10) a prime number?
False
Let j be ((-730)/(-8))/((-10)/(-40)). Suppose 5*l = -4*g + 294, -5*l = 7*g - 2*g - j. Is g a prime number?
True
Let k(q) = -36*q + 1. Suppose l = 2 - 0. Suppose 2*i + 1 + 11 = -5*j, 4*i - l*j = 0. Is k(i) a composite number?
False
Let r(d) = -10*d**2 - d + 5. Let i be r(-4). Let f = 166 - i. Is f prime?
True
Suppose -5*i + 1285 = -3*n, i = -i + 2*n + 518. Is i a prime number?
False
Is (-2)/(-11) - -5267*(-5)/(-55) a composite number?
False
Let r = -79 - -206. Is r a composite number?
False
Let i be 8/44 - (-106)/22. Suppose 0*h + h + 5 = 0, -t = i*h - 20. Suppose -t = z - 4*z. Is z a composite number?
True
Let i = 431 + 78. Is i a composite number?
False
Suppose -4*y - 5*h + 21 + 25 = 0, y - h = 7. Let u(s) = 146*s + 1. Is u(y) composite?
True
Suppose -3*i - 2635 = -8*i. Is i prime?
False
Suppose 5*s + 19 = -2*l, -5*s + 5*l - 3 = 2. Let p(a) = -2*a - 2. Let i be p(s). Suppose -v + i*v - 159 = 0. Is v prime?
True
Suppose 22 = 2*p - p. Suppose 0 = a - 102 - p. Suppose 0 = 5*o - a - 41. Is o composite?
True
Let n be 4/18 - (-520)/9. Suppose -u - 20 = n. Is (u/9)/(2/(-6)) composite?
True
Suppose -5*q + 397 = 3*w - 168, -3*q - 919 = -5*w. Is w a prime number?
False
Let n(h) = 4*h**3 + 3*h**2 - 3*h - 7. Is n(5) prime?
False
Let o be (-2 - -2) + 955 - 2. Let p = o - 518. Let y = p - 290. Is y prime?
False
Let p be 4*-2*(-3)/12. Let r(l) = 1 - l**2 + p - 2 + 23*l**3. Is r(1) a composite number?
False
Suppose 1560 - 332 = 4*r. Is r composite?
False
Let p = 15 + -24. Let h(u) = -u**3 - 10*u**2 - 11*u + 8. Is h(p) prime?
False
Let s be (-1 - 3) + 1 + 0. Let l(d) = -5*d + 4. Is l(s) a prime number?
True
Is -254*((1 - 11/2) + 2) prime?
False
Suppose -2*l = -3*l. Let d(p) = 2*p**3 - 10*p**2 + 2*p - 6. Let g be d(5). Suppose -g*u + 7*u + 4*w - 49 = l, -4*u + w = -97. Is u composite?
False
Let n be (-95)/1*36/(-15). Let r = -34 + n. Is r a prime number?
False
Suppose 0 = 6*t + 253 - 1111. Is t a prime number?
False
Let g = -1 + 1. Let q(l) = l**3 - l**2 + l + 26. Is q(g) prime?
False
Let h = 1767 - 1095. Suppose -4*j = 2632 - h. Let y = -279 - j. Is y composite?
False
Suppose 0 = -129*v + 126*v + 777. Is v a composite number?
True
Is (8 - 26/3) + (-383)/(-3) composite?
False
Suppose 225 = 5*l - 160. Is l composite?
True
Let t(c) = 2*c**2 + 2*c + 5567. Is t(0) a prime number?
False
Let c = -8 - -21. Let f(w) = w**2 + 3*w - 3. Let x be f(-4). Let p = c + x. Is p a composite number?
True
Suppose n + 657 = 4*n. Suppose j + 117 = z + 3*j, 2*z - j - n = 0. Is z composite?
True
Is (4/2)/((-10)/(-215)*1) a composite number?
False
Let p = -73 - -579. Suppose -w - w + p = 0. Is w composite?
True
Suppose f - 254 = -f. Is f a composite number?
False
Let x(n) = n**3 - 19*n**2 + 15*n + 22. Is x(19) composite?
False
Let d(g) be the third derivative of g**5/60 - g**4/24 + 11*g**3/3 + 6*g**2. Is d(0) prime?
False
Let c be (-22)/(-10) - (-1)/(-5). Let h be (18/24)/(c/120). Is h/(-18)*10*-1 a composite number?
True
Let t = 59 + 99. Is t prime?
False
Suppose -5*w + 32 = -3. Suppose a - w - 46 = 0. Is a a composite number?
False
Let d = -1448 + 3162. Is d a composite number?
True
Let m(j) = 19*j - 8. Let t(x) = x + 6. Let p be t(0). Is m(p) composite?
True
Suppose -2831 = 5*u - 8826. Is u a prime number?
False
Suppose 0 = -4*l + 3*p - 651, 2*l = 3*l - 4*p + 153. Is (l - 1)/(2/(-3)) prime?
False
Let c = 2500 + -1133. Is c composite?
False
Suppose -2*b + 8 = -4*m, 8 = -2*b - 0*b - 4*m. Let k(x) = 91 + 9 - x - 23. Is k(b) prime?
False
Suppose 5*i + 5 = 20. Let t = 1 + 2. Suppose -4*f + 231 = -2*f + 5*z, -t*z + i = 0. Is f a prime number?
True
Is (-204140)/(-32) + 15/(-40) a composite number?
False
Suppose 0 = 7*r - 736 - 1581. Is r a prime number?
True
Suppose -2*c = c - 5*p - 3272, -p - 1094 = -c. Suppose 2*v - c = -0*v - 5*q, -5*q = -4*v + 2123. Is v a prime number?
False
Let i = 20 + -11. Let q be (1 + i/(-6))*0. Suppose -3*s = -3*c - 120, q*s - 77 = -2*s + c. Is s prime?
True
Suppose d - 4*d - 18 = 0. Let j(g) = 3*g**2 - 5*g - 7. Is j(d) composite?
False
Suppose -19 = -3*s - 2*z, 3*z - 7*z = 4*s - 28. Suppose s*w - o = 527, -3*w - 2*o + 62 + 262 = 0. Suppose 2*r + w = 4*v, -57 = -2*v - 0*r + 5*r. Is v composite?
True
Suppose 4*p - 6 = 6. Suppose p*s - 99 = 18. Is s a prime number?
False
Let v(w) be the third derivative of 1/12*w**5 + 0*w + 2*w**2 + 2/3*w**3 - 1/8*w**4 + 0 + 1/120*w**6. Is v(-5) composite?
False
Let v(k) = -2*k**2 - 2*k + 2. Let q be v(2). Let u = 25 + q. Suppose 3*i - u - 18 = 0. Is i a composite number?
False
Suppose 0 = -10*d + 5*d + 1795. Is d a prime number?
True
Let n = 13 - 9. Suppose -2*l + l + 3*m = -89, 3*m + 338 = n*l. Is l composite?
False
Let d = 5 + 5. Suppose -265 = -d*z + 5*z. Suppose -2*x + 7 = 3*o - 17, x + z = 5*o. Is o composite?
True
Let y be ((-3)/6)/(1/(-192)). Suppose y = -2*d + 3*d - 3*g, 0 = -3*g - 9. Is d a prime number?
False
Let c(s) = s + 6. Let f = 20 - 12. Is c(f) prime?
False
Let p(i) = i**3 + 6*i**2 + 5. Let y be p(7).